2 + 1108216?
1108214
In base 12, what is 3b7392a + -1?
3b73929
In base 9, what is -325767 - 2618?
-328486
In base 6, what is 242 + 1350222?
1350504
In base 2, what is -100110110000011 - 101011?
-100110110101110
In base 2, what is 100 + -10001111010101010000000?
-10001111010101001111100
In base 15, what is c5 - 4989?
-48b4
In base 12, what is 763b7390 - -5?
763b7395
In base 14, what is -3 + -11dcd8?
-11dcdb
In base 3, what is 10 - 102112222100102?
-102112222100022
In base 2, what is 10001 + -110111011001011111?
-110111011001001110
In base 5, what is 13 - -240332?
240400
In base 3, what is -12 + 120110011211120022?
120110011211120010
In base 4, what is -3 - -11112011111312?
11112011111303
In base 14, what is 6 - -531914?
53191a
In base 6, what is -5 - -1422520213?
1422520204
In base 15, what is 1ae9 - 34483?
-32889
In base 3, what is -12 + 102212122120001022?
102212122120001010
In base 4, what is -2 - 1113000103102?
-1113000103110
In base 11, what is -1a7 + -428861?
-428a58
In base 13, what is 1b5c358 - 2?
1b5c356
In base 12, what is 49 - -5408?
5455
In base 2, what is -1000110000111011011 + -100111100?
-1000110001100010111
In base 9, what is 0 + 5436607?
5436607
In base 16, what is -5e878 - -3b?
-5e83d
In base 2, what is -101100101001100 + 1011110101?
-101011001010111
In base 5, what is 223 - -111234132?
111234410
In base 11, what is 4877031 + -2?
487702a
In base 11, what is -3aa66 - -2759?
-38308
In base 4, what is 3 + -2011100033?
-2011100030
In base 9, what is -1 + 36248662?
36248661
In base 14, what is 1065292b - -2?
1065292d
In base 8, what is -15 + -57743223?
-57743240
In base 5, what is -410312111 - -40?
-410312021
In base 9, what is 1023 + 1162315?
1163338
In base 10, what is 4755 - -223?
4978
In base 10, what is 0 + 55559180?
55559180
In base 6, what is -20 - 25505123?
-25505143
In base 12, what is -4 + -6744a66?
-6744a6a
In base 6, what is 2222 + 23004?
25230
In base 4, what is -32 + -3202300?
-3202332
In base 13, what is -204105 - 1?
-204106
In base 5, what is 4 - 12403342301?
-12403342242
In base 6, what is 1025 - 1005430?
-1004401
In base 9, what is 271 - -36887?
37268
In base 11, what is 23979 + -21a99?
1990
In base 15, what is 6 + -6a350d?
-6a3507
In base 16, what is 2fe + c7eb?
cae9
In base 12, what is -4642 - -23?
-461b
In base 13, what is b14848 - 1b?
b1482a
In base 16, what is -51c65 + -26?
-51c8b
In base 7, what is -1152505 - 12562?
-1165400
In base 2, what is -10000011011000010 - -1010111100?
-10000010000000110
In base 4, what is 1 + 30002112223?
30002112230
In base 10, what is 19421 - 73?
19348
In base 14, what is 313c6 - 1643?
2db83
In base 8, what is -71 - -1336746?
1336655
In base 7, what is -41463 + 111505?
40012
In base 6, what is 3322010202 + 2?
3322010204
In base 9, what is 237 + 86686?
87034
In base 7, what is 3 - -105633242?
105633245
In base 7, what is -260316 - -164?
-260122
In base 16, what is 11562d + -f?
11561e
In base 16, what is -1b7b - -335a?
17df
In base 13, what is 3 + -88b7438?
-88b7435
In base 13, what is -896abb + 3b?
-896a80
In base 13, what is -1 + -3a52c51?
-3a52c52
In base 14, what is -148c + 14d8?
4a
In base 5, what is 130 - -10222334133?
10222334313
In base 12, what is -5 + -1070a54?
-1070a59
In base 11, what is 9 + 2404426?
2404434
In base 12, what is 83b4 + -11783?
-538b
In base 8, what is -4 - -2207023?
2207017
In base 10, what is 14019 + -53914?
-39895
In base 9, what is -170543 + 100?
-170443
In base 10, what is -641080 - 591?
-641671
In base 13, what is 383 + -c7ba9?
-c7826
In base 7, what is 2123314 + -326?
2122655
In base 5, what is 22111033033 - -33?
22111033121
In base 14, what is -2 + b0b9659?
b0b9657
In base 10, what is 4 + 1608261?
1608265
In base 14, what is 1023a - -47?
10283
In base 7, what is 41524054 - 6?
41524045
In base 7, what is 12 - -32564636?
32564651
In base 10, what is 900 - 4984?
-4084
In base 15, what is -60 - -6d1?
671
In base 8, what is -462333 - -67?
-462244
In base 12, what is -40029984 + -1?
-40029985
In base 11, what is 2a108419 - -6?
2a108424
In base 16, what is -81938b - 4?
-81938f
In base 14, what is cb + -3168d?
-315a2
In base 4, what is 10102 - -23030123?
23100231
In base 3, what is -1102 + -1120211221212111?
-1120211221220220
In base 8, what is 46451365 + 2?
46451367
In base 5, what is 2212000 - 11330?
2200120
In base 13, what is 130 - -27b0c8?
27b228
In base 14, what is -2 - -c0a2?
c0a0
In base 9, what is -31466345 - 1?
-31466346
In base 10, what is -18 - -822800?
822782
In base 7, what is -11135425 - 54?
-11135512
In base 3, what is -20101010000012120 + 22?
-20101010000012021
In base 11, what is 56301 + -106?
561a6
In base 8, what is 1522270 - 121?
1522147
In base 14, what is 3a - 42c3?
-4287
In base 3, what is -1010210020101221 + -10?
-1010210020102001
In base 12, what is -1042521 + 4?
-1042519
In base 10, what is -25 - -764665?
764640
In base 7, what is 4 - -163113462?
163113466
In base 10, what is 8352900 + 6?
8352906
In base 6, what is -14533 + -33221?
-52154
In base 15, what is 2 - -1d1b042?
1d1b044
In base 12, what is 168479 + 30?
1684a9
In base 3, what is 2212112 + -10120020?
-200201
In base 7, what is -1140135654 + -3?
-1140135660
In base 8, what is 1305012 + -10?
1305002
In base 10, what is -125743 - -69?
-125674
In base 4, what is 23313 + -1102320?
-1013001
In base 15, what is 0 + 4b2813?
4b2813
In base 8, what is 140 + 57172?
57332
In base 10, what is 575356005 + 3?
575356008
In base 2, what is 1010111000110111000011100001 + 1?
1010111000110111000011100010
In base 14, what is -aa9d8 + 12?
-aa9c6
In base 9, what is 11413638 + 44?
11413683
In base 6, what is -4 + 414303010?
414303002
In base 14, what is 1 - 5a9d7d1?
-5a9d7d0
In base 5, what is -1120040 + -3124110?
-4244200
In base 12, what is 6402a + 2255?
66283
In base 5, what is -320422312 + -12?
-320422324
In base 3, what is -100021122220 + -20200?
-100021220120
In base 13, what is -15343 + -c7?
-1543a
In base 4, what is -2002 + -1123301101?
-1123303103
In base 6, what is 2304 + -3541345?
-3535041
In base 4, what is 22110 + 310330?
333100
In base 10, what is 771 + 4249?
5020
In base 6, what is 21202412 + -20?
21202352
In base 13, what is -3 + -1033871?
-1033874
In base 8, what is 200 - 123627?
-123427
In base 5, what is 4 + -10104232100?
-10104232041
In base 15, what is -1e71043 - 4?
-1e71047
In base 9, what is 0 + -2284203?
-2284203
In base 4, what is 22300 - -1201310?
1230210
In base 9, what is -7471403 - -3?
-7471400
In base 9, what is 3168 + -6786?
-3617
In base 3, what is 1121220121020020 + 10?
1121220121020100
In base 12, what is -4 + b124024?
b124020
In base 4, what is 110000 + 20300311?
21010311
In base 4, what is 21003033 + 301111?
21310210
In base 11, what is -177a9 + -130?
-17929
In base 14, what is -477a + -34c3?
-7c5d
In base 12, what is 4a30380 - -4?
4a30384
In base 9, what is -1554567221 + 0?
-1554567221
In base 14, what is -72c82a5 - 3?
-72c82a8
In base 7, what is 40 + 21536002?
21536042
In base 9, what is 3 + -75232308?
-75232305
In base 4, what is 2033 + -210311101?
-210303002
In base 16, what is 1dd - -c549?
c726
In base 10, what is -4 + 144404412?
144404408
In base 10, what is -587 + -1028044?
-1028631
In base 15, what is 21a3b5 + 5?
21a3ba
In base 4, what is 31322 + 10330332?
11022320
In base 9, what is 7254567 + -213?
7254354
In base 15, what is -1a - -3a202?
3a1d7
In base 2, what is 10100111100001000 - -10000011001000?
10110111111010000
In base 4, what is 1 - 21230133223012?
-21230133223011
In base 15, what is -83d8ae + -5?
-83d8b4
In base 7, what is 2014 - -106554?
111601
In base 3, what is 211000220221002 + 0?
211000220221002
In base 2, what is -1010001011011001001100110001 - 101?
-1010001011011001001100110110
In base 10, what is -206 + 1293302?
1293096
In base 7, what is -5464524 - -156?
-5464335
In base 8, what is 1262 + -2343254?
-2341772
In base 9, what is -3348 - -47120?
43661
In base 6, what is -4354451 - 20?
-4354511
In base 10, what is 9 + 10965315?
10965324
In base 7, what is -1206 + 3346144?
3344635
In base 8, what is 222242106 - -26?
222242134
In base 8, what is -64303 + 511?
-63572
In base 3, what is 10220202200211022 - 0?
10220202200211022
In base 14, what is -1b - 14401a?
-144037
In base 7, what is -54335466 + -3?
-54335502
In base 14, what is -4aa 